e factors of 336069610.
2, 5, 2087, 16103
List the prime factors of 1661366126.
2, 7, 118669009
What are the prime factors of 264554765?
5, 17, 19, 163811
List the prime factors of 44401097.
13, 151, 22619
List the prime factors of 112581420.
2, 3, 5, 7, 149, 257
What are the prime factors of 162594130?
2, 5, 23, 163, 4337
What are the prime factors of 201860191?
13, 1194439
List the prime factors of 214018950.
2, 3, 5, 17, 4937
What are the prime factors of 7434155554?
2, 7, 269, 653, 3023
List the prime factors of 1219571173.
1693, 720361
List the prime factors of 22345748.
2, 19, 294023
List the prime factors of 4317018821.
373, 1093, 10589
What are the prime factors of 28493946?
2, 3, 13, 263, 463
What are the prime factors of 2757403260?
2, 3, 5, 15318907
What are the prime factors of 33803107?
13, 2600239
What are the prime factors of 388768679?
13, 29905283
What are the prime factors of 65604036?
2, 3, 19, 53, 61, 89
List the prime factors of 108803174.
2, 54401587
List the prime factors of 480047619.
3, 160015873
What are the prime factors of 1941302235?
3, 5, 23, 41, 71, 1933
List the prime factors of 1993409740.
2, 5, 7, 31, 421, 1091
What are the prime factors of 879500752?
2, 13, 31, 136399
List the prime factors of 204268629.
3, 443, 153701
What are the prime factors of 1418828174?
2, 347, 2044421
What are the prime factors of 31168953?
3, 3463217
What are the prime factors of 408428831?
6553, 62327
List the prime factors of 5602299448.
2, 269, 2603299
List the prime factors of 2519678177.
9697, 259841
What are the prime factors of 60533407?
11, 127, 43331
What are the prime factors of 444817525?
5, 17792701
What are the prime factors of 59205998?
2, 101, 293099
List the prime factors of 2735809045.
5, 37, 1511, 9787
List the prime factors of 1346304416.
2, 42072013
What are the prime factors of 94375144?
2, 11796893
What are the prime factors of 2183908776?
2, 3, 7, 12999457
What are the prime factors of 48104902?
2, 1693, 14207
List the prime factors of 841046783.
24223, 34721
List the prime factors of 149455430.
2, 5, 487, 30689
List the prime factors of 433529408.
2, 13, 41, 71, 179
What are the prime factors of 371958767?
371958767
List the prime factors of 1452086942.
2, 107, 6785453
List the prime factors of 367902548.
2, 13, 19, 372371
What are the prime factors of 2566606383?
3, 11, 829, 2843
List the prime factors of 45040375.
5, 360323
List the prime factors of 142688387.
142688387
List the prime factors of 109031928.
2, 3, 1151, 3947
List the prime factors of 535801394.
2, 6469, 41413
List the prime factors of 513811771.
11, 46710161
What are the prime factors of 16185424?
2, 1011589
List the prime factors of 126375955.
5, 25275191
What are the prime factors of 1019152252?
2, 41, 149, 179, 233
What are the prime factors of 2043475671?
3, 681158557
List the prime factors of 1104827785.
5, 220965557
List the prime factors of 2462015623.
2462015623
What are the prime factors of 3373826692?
2, 73, 11554201
What are the prime factors of 243516611?
13, 43, 367, 1187
What are the prime factors of 922545484?
2, 7, 197, 167249
What are the prime factors of 229083?
3, 19, 4019
List the prime factors of 30208301.
163, 185327
What are the prime factors of 523812869?
523812869
List the prime factors of 1576700716.
2, 149, 359, 7369
List the prime factors of 17833533.
3, 19, 23, 61, 223
What are the prime factors of 57729656?
2, 601, 12007
List the prime factors of 27753044.
2, 11, 17, 3373
List the prime factors of 941335914.
2, 3, 59, 167, 15923
What are the prime factors of 104308513?
37, 2819149
What are the prime factors of 74309460?
2, 3, 5, 1238491
List the prime factors of 96981190.
2, 5, 79, 122761
List the prime factors of 163200156.
2, 3, 7, 1942859
What are the prime factors of 15187926?
2, 3, 13, 194717
List the prime factors of 252012847.
179, 1407893
List the prime factors of 48946400.
2, 5, 17, 59, 61
What are the prime factors of 49073140?
2, 5, 2453657
What are the prime factors of 130645875?
3, 5, 348389
List the prime factors of 2989509635.
5, 7, 3709, 23029
List the prime factors of 980245763.
7, 23, 6088483
List the prime factors of 177283300.
2, 5, 19, 93307
List the prime factors of 111669650.
2, 5, 19, 41, 47, 61
What are the prime factors of 153188621?
19, 37, 217907
List the prime factors of 33553697.
33553697
List the prime factors of 1922236528.
2, 120139783
List the prime factors of 3667617380.
2, 5, 7, 26197267
List the prime factors of 1170719214.
2, 3, 7, 27874267
List the prime factors of 357496198.
2, 178748099
What are the prime factors of 7406585?
5, 113, 13109
List the prime factors of 2366893407.
3, 23, 34302803
What are the prime factors of 178556887?
178556887
List the prime factors of 62447267.
1051, 59417
What are the prime factors of 58598262?
2, 3, 1085153
What are the prime factors of 28513982?
2, 7, 290959
List the prime factors of 34618994.
2, 107, 161771
What are the prime factors of 43744935?
3, 5, 13, 19, 11807
What are the prime factors of 1631584766?
2, 7, 439, 265471
What are the prime factors of 41526868?
2, 23, 67, 6737
What are the prime factors of 1311203998?
2, 13, 179, 281737
What are the prime factors of 5360897?
53, 101149
What are the prime factors of 81253274?
2, 131, 310127
What are the prime factors of 144280759?
7, 20611537
List the prime factors of 101017673.
8447, 11959
What are the prime factors of 114458052?
2, 3, 19, 619, 811
What are the prime factors of 432874750?
2, 5, 7, 11, 113, 199
List the prime factors of 5541362047.
13, 426258619
What are the prime factors of 5235812449?
7, 747973207
What are the prime factors of 48795283?
3889, 12547
List the prime factors of 24570426.
2, 3, 4095071
What are the prime factors of 313154380?
2, 5, 7, 11, 43, 4729
List the prime factors of 43332757.
13, 29, 114941
List the prime factors of 1855142851.
43, 101, 347, 1231
List the prime factors of 4538023675.
5, 29, 613, 10211
What are the prime factors of 7893653132?
2, 19, 31, 1693, 1979
List the prime factors of 238062244.
2, 7, 461, 18443
List the prime factors of 804001611.
3, 7, 38285791
List the prime factors of 84909157.
19, 4468903
What are the prime factors of 3539795726?
2, 17, 23, 4526593
List the prime factors of 2822972950.
2, 5, 7, 8065637
List the prime factors of 407822923.
359, 1135997
What are the prime factors of 5297221?
67, 79063
List the prime factors of 3334124667.
3, 1111374889
List the prime factors of 139141958.
2, 69570979
What are the prime factors of 1942380467?
9431, 205957
List the prime factors of 248967044.
2, 62241761
List the prime factors of 307915656.
2, 3, 12829819
What are the prime factors of 3144876?
2, 3, 7, 29, 1291
List the prime factors of 346251669.
3, 2269, 50867
What are the prime factors of 763790129?
131, 5830459
What are the prime factors of 3996915752?
2, 3517, 142057
List the prime factors of 1934116.
2, 23, 21023
List the prime factors of 295572783.
3, 11, 773, 11587
List the prime factors of 390069843.
3, 1429, 90989
What are the prime factors of 483380233?
7, 69054319
List the prime factors of 3435950408.
2, 11, 39044891
List the prime factors of 82404367.
82404367
What are the prime factors of 31434374?
2, 59, 271, 983
What are the prime factors of 1091122?
2, 163, 3347
What are the prime factors of 17044670?
2, 5, 127, 13421
What are the prime factors of 2834128682?
2, 7, 11, 18403433
List the prime factors of 1257474036.
2, 3, 7, 13, 19, 60607
List the prime factors of 48647373.
3, 263, 61657
What are the prime factors of 9128646?
2, 3, 169049
What are the prime factors of 106264861?
113, 487, 1931
List the prime factors of 435914283.
3, 7, 19, 29, 101, 373
What are the prime factors of 1164601516?
2, 13, 22396183
What are the prime factors of 33260325?
3, 5, 7, 63353
What are the prime factors of 198886608?
2, 3, 79, 17483
List the prime factors of 1045904190.
2, 3, 5, 34863473
What are the prime factors of 1579105403?
257, 6144379
What are the prime factors of 98730542?
2, 41, 521, 2311
List the prime factors of 28239981.
3, 7, 11, 122251
List the prime factors of 27341049.
3, 17, 536099
What are the prime factors of 113638509?
3, 12626501
What are the prime factors of 854659984?
2, 53416249
List the prime f